 greatest common divisor of 30 and w?
30
Let t be ((-1005)/75 + 15)/((-2)/(-155)). Calculate the greatest common divisor of t and 2.
2
Suppose -13*b + 1417 + 2119 = 0. What is the greatest common divisor of b and 17?
17
Suppose 4*h - 1 = 3*k, k - 6*k + 21 = -h. Suppose 46 = -k*n + 16. Let r = n - -20. What is the highest common factor of r and 14?
14
Let u(g) = 2*g**3 + 21*g - 31. Let x be u(6). Calculate the greatest common factor of x and 62.
31
Let n be 2/(-8) - (-106)/8. Let j be (-2578)/(-22) - (160/396 + 28/(-126)). Calculate the greatest common divisor of n and j.
13
Let p be 2 - (3 + -4) - (-1)/1. Suppose p*d + 5*f - 8 = 0, -5*d + 5 = -3*f - 42. What is the greatest common divisor of 1 and d?
1
Let k = -9 - -29. Let d = k + 6. Calculate the greatest common factor of 234 and d.
26
Let u = 14 + -7. Let r = -14 + u. Let i = r + 10. Calculate the highest common factor of i and 3.
3
Let m be 1*(2/(-1) - (10 + -76)). What is the highest common factor of 24 and m?
8
Suppose -2*v = -54 + 32. Suppose 2*s + 1595 = 7*s. Suppose 44 = -5*q + s. What is the greatest common divisor of q and v?
11
Let f be (-2 + (-35)/(-15))/(12/468). Calculate the highest common factor of 169 and f.
13
Let p = 4 - 4. Suppose 2*m + 2*z + z + 4 = 0, -2*z = p. Let o be m*(1 + -2) + 10. What is the greatest common divisor of o and 4?
4
Let o(a) = 2*a**2 + 7*a - 2. Let z(f) = f**3 - 10*f**2 + 8*f + 3. Let h be z(9). Let x be o(h). What is the highest common divisor of x and 28?
28
Let h(n) = -18*n + 34. Let a(w) = -w**3 + 25*w**2 + w - 36. Let i be a(25). Let p be h(i). Calculate the greatest common factor of p and 29.
29
Let d = -106 + 59. Let f be 1 + (2 + -2 - -94). Let m = f + d. What is the greatest common divisor of 12 and m?
12
Let z = -963 - -1668. What is the highest common factor of 47 and z?
47
Suppose -2*n - 5 = 15. Let l = n - -58. Let c be ((-16)/5)/((-1)/5). Calculate the highest common factor of c and l.
16
Let v = -496 - -804. Calculate the greatest common factor of v and 231.
77
Suppose 6 = 3*n, 0 = 4*q + 5*n - 4*n - 766. Suppose -5*r + 19 = -q. Let z be 4 - (4/2 - 4). Calculate the greatest common divisor of z and r.
6
Let p = -20 - -23. Let a(z) = z**2 + 6*z - 7. Let j be a(p). Suppose -3*b + 2*b = -j. What is the highest common divisor of 10 and b?
10
Let j be ((-2)/(-2))/(-1) + -1. Let g = 19 + -23. Let i be ((-2)/(-4))/(j/g). Calculate the highest common factor of i and 1.
1
Suppose -k + 4 = 0, -33 = 3*w - 4*k - 2. Let j(c) = -5*c + 9. Let u be j(w). What is the greatest common divisor of 85 and u?
17
Suppose 27 = -4*o + 59. Let f be (-3 - -3) + (-260)/(-2). Suppose -f = -4*i + 3*d + 114, 5*i = -4*d + 336. Calculate the greatest common divisor of o and i.
8
Suppose 0 = -4*y + 9*y + 425. Let i = -59 - y. What is the highest common factor of i and 104?
26
Let d be (3/5 - (-775)/(-250))*-8. What is the highest common factor of d and 90?
10
Let h = -9 - 2. Let t = h - -19. Let k be 240/(-5)*4/(-6). Calculate the greatest common divisor of k and t.
8
Suppose 5*p - 2*o - 34 = 56, 125 = 5*p + 5*o. Suppose -200*t = -193*t - 420. Calculate the greatest common divisor of t and p.
20
Suppose 0 = 3*h - 2 - 7. Suppose -3 = 3*z, h*a - 4*z + 17 = -3. Let n(j) = -8*j. Let p be n(a). Calculate the highest common divisor of p and 16.
16
Suppose -3*m + 4 + 2 = 0. Let c be (m - 5 - 88/(-24))*51. Let a = 123 - 72. Calculate the greatest common factor of c and a.
17
Suppose x + t = 47, x - 30 = t + 11. Let d = -142 + 164. What is the highest common divisor of d and x?
22
Let t = -895 + 935. What is the greatest common factor of 1160 and t?
40
Let m be 0*4/8 - 2. Let u be 6*(m + 3) - 0/2. What is the greatest common divisor of u and 4?
2
Suppose 16 = -4*m + 2*n, -5*m + 2*n - 8 = -3*m. Let p be -3 + 523 + (-4 - m). Suppose 6*u - u = p. Calculate the greatest common divisor of u and 13.
13
Let r be 8696*1/72 + (-4)/(-18). What is the highest common factor of r and 55?
11
Suppose -5*n = f - 2*n - 42, 3*f + 3*n = 138. Suppose v - f = -5*d, -3*d + 0*v + 36 = -3*v. Calculate the highest common factor of 50 and d.
10
Suppose -q - 2 + 10 = 0. Let l(b) = b + 1. Let i be l(0). Let w be (-3)/i*q/(-3). What is the highest common factor of 1 and w?
1
Let b be (-13)/(-39) + 160/6. Suppose 0*f = f - b. Suppose -2*j = w - 5, -2 = -w + 4*j + f. Calculate the highest common factor of w and 52.
13
Let v = 316 + -92. Suppose -59 + v = 3*b. What is the greatest common factor of 11 and b?
11
Let x = 5 - 1. Suppose -x*j + 12 = 0, -3*j - 8 + 37 = 5*z. Suppose z*m - 2 = 50. Calculate the greatest common factor of m and 39.
13
Let b be -1 + -14 + 1 + 0. Let i be b/(-49) + 10/14. Suppose 4*m = 131 + i. Calculate the greatest common divisor of m and 3.
3
Let t(x) = -x**2 + 8*x + 13. Let c = 119 + -111. Let u be t(c). Let a be (26 + 0)*(-1)/(-2). Calculate the greatest common factor of a and u.
13
Let d(x) = 4*x**2 + 5*x - 18. Let b be d(-6). Suppose 5*f - 37 = -5*q + 43, -2*q + 8 = -4*f. Calculate the highest common factor of b and q.
12
Suppose 6*y - 54 = -0*y. Suppose -5*j - 12 = -y*j. What is the greatest common factor of 33 and j?
3
Let j(u) = 4*u**3 + 2*u**2 - 3*u + 2. Let h be j(1). Let r = 19 + 16. Calculate the highest common divisor of r and h.
5
Suppose -101 = -3*d - 65. What is the greatest common divisor of 66 and d?
6
Let m(o) = 13*o - 35. Let h be m(4). Calculate the highest common divisor of h and 510.
17
Suppose 4*m - 4*c + 12 = -0*c, 0 = -c + 5. Let g be -4 - -19 - 8/m. Suppose -72 = -14*d + g*d. Calculate the highest common divisor of d and 120.
24
Suppose 3*g = -5*y - g + 236, -2*y + 92 = g. Suppose 0 = -4*z + 2*s - y, -4*z - z + 5*s = 55. Let k = 29 - z. What is the greatest common divisor of k and 5?
5
Let x be 60/14 + -2*(-4)/(-28). Let d be ((-26)/(-3))/(x/6). Calculate the highest common factor of d and 169.
13
Let r = -1200 - -1227. Let m(z) = -z**2 + 8*z - 9. Let d be m(6). Calculate the greatest common factor of d and r.
3
Suppose 5*y + 2*t - 2645 = t, 3*y = 5*t + 1615. Calculate the highest common divisor of y and 20.
10
Let o = 535 - 405. Calculate the highest common divisor of 312 and o.
26
Let r be (6/(-4))/(6/(-12)). Suppose 0*u + 3*u - 1596 = -4*z, -5*u - r*z + 2649 = 0. What is the highest common factor of u and 48?
48
Suppose 0 = -w - 3, 22*w - 25*w = -4*c + 529. Calculate the highest common divisor of c and 40.
10
Let o = 265 + -202. Calculate the greatest common divisor of 18 and o.
9
Let h(y) = 4*y**3 - y - 1. Let x be h(-1). Let p be x/14 + 2340/(-91). Let d be p/(3 + -5) + 0. What is the greatest common divisor of 65 and d?
13
Let f(w) = -7*w - 47. Let k be f(-11). What is the highest common factor of 330 and k?
30
Let c(z) = 2*z + 31. Let r be c(-8). What is the greatest common divisor of 75 and r?
15
Suppose g - 3*j = 41, 0*j = -4*g + 5*j + 164. Let w = g - 9. What is the highest common factor of 4 and w?
4
Let y be (0 + (-8)/(-10))/((-14)/(-140)). Let w be 0 + -2 + 3 + 1. Calculate the highest common factor of w and y.
2
Let k = 147 + -47. Suppose -k = -3*v + 4*j - 5*j, -4*v - 5*j = -148. Let w = v - 18. What is the highest common divisor of 21 and w?
7
Let q be (-2 - (-21)/14)*-2. What is the greatest common factor of q and 15?
1
Let x be 12/(-18) - 23/(-3). Let f(v) = v**3 - 6*v**2 - 3*v - 13. Let b be f(x). Calculate the greatest common divisor of 30 and b.
15
Let u(g) = -g**3 - 4*g**2 + 5. Let q(r) = -5*r - 49. Let i be q(-9). Let c be u(i). What is the highest common factor of 65 and c?
5
Suppose 0 = 2*o - 5*o + 5*x + 411, 5*o + 3*x - 651 = 0. What is the highest common factor of o and 44?
44
Let q be (-488)/(-12)*6/(-24)*-12. Calculate the highest common factor of q and 610.
122
Let y be (2 + -9 + 5)*-1. Let o(c) = 17*c - 10. Let v be o(y). Calculate the greatest common divisor of v and 12.
12
Suppose 3*a - 173 = -4*l, 3*l = 3*a + 2*a - 327. What is the greatest common divisor of a and 441?
63
Suppose 5*v = 5*z + 985, 4*v + 2*z - 633 = 161. Suppose -t = -4*t + v. Calculate the highest common factor of t and 44.
22
Suppose 22 = -p + 5*d, 2*p = -p + d + 4. Suppose 23 = p*h - 73. Suppose 6*q = q + 20. What is the highest common factor of q and h?
4
Let w be ((-8)/(-10))/(3/135). Let t = -52 + 61. Let r be 165/t + 6/(-18). What is the greatest common